1001010 - -1111?
-11011110111011
In base 16, what is b32d - 3?
b32a
In base 12, what is -169 - -33?
-136
In base 4, what is -10313 - -3321?
-332
In base 12, what is -123317 + -1?
-123318
In base 15, what is 5764c + 2?
5764e
In base 3, what is 1120002022112 - -2?
1120002022121
In base 2, what is 1011000101 - -11011100111?
100110101100
In base 12, what is 2ab15b + -2?
2ab159
In base 11, what is 5 + -57695?
-57690
In base 9, what is 70 - 5083?
-5013
In base 11, what is -110a3 - 3?
-110a6
In base 5, what is 10 - -42424?
42434
In base 5, what is 2 - 104422?
-104420
In base 14, what is 14 - -1987?
199b
In base 6, what is -3 - -1512040?
1512033
In base 3, what is 12 + -2011201010102?
-2011201010020
In base 14, what is 85800 + -6?
857d8
In base 16, what is 4 + 2c408?
2c40c
In base 13, what is 5 + 491?
496
In base 4, what is -100330 - 122?
-101112
In base 11, what is a4 - -9845?
9939
In base 2, what is 1 - 1010001111011111100?
-1010001111011111011
In base 14, what is -b + -4285?
-4292
In base 3, what is -1100121001120 + -11?
-1100121001201
In base 8, what is 1625572 - -5?
1625577
In base 11, what is 3 + -3301?
-32a9
In base 5, what is -10114314 - -2?
-10114312
In base 13, what is 0 - -15210?
15210
In base 14, what is -5 - -2cca?
2cc5
In base 8, what is 47555 - 5?
47550
In base 3, what is 11 - 1120111?
-1120100
In base 7, what is -21 - 15202?
-15223
In base 3, what is -12201122210 - -11?
-12201122122
In base 3, what is 21210121 + 10000?
21220121
In base 4, what is -2033 - -2022103?
2020010
In base 2, what is 11111 + 1011000?
1110111
In base 5, what is -234303 - -3?
-234300
In base 14, what is -9b62 + 2?
-9b60
In base 15, what is 0 - -22a6b?
22a6b
In base 6, what is 1 + 313443?
313444
In base 7, what is 323006 + 3?
323012
In base 13, what is -50 + -4?
-54
In base 12, what is -38619 + 0?
-38619
In base 8, what is -1560 + 101?
-1457
In base 11, what is -32222 - -a?
-32213
In base 14, what is -18 + -6d0?
-708
In base 12, what is -901 - -42?
-87b
In base 7, what is -6 - -250545?
250536
In base 11, what is -574 + 3a2?
-182
In base 12, what is -13 + -2194?
-21a7
In base 5, what is -22 - -23343423?
23343401
In base 16, what is 4 - -1114?
1118
In base 6, what is 135 + 14030?
14205
In base 2, what is -10 - 1110010001010101110?
-1110010001010110000
In base 10, what is -217 + -508?
-725
In base 2, what is -111000111011110 + 11?
-111000111011011
In base 13, what is 9 - -912?
91b
In base 12, what is 94 - -6?
9a
In base 15, what is 15 + -365?
-350
In base 12, what is -159760 - 0?
-159760
In base 14, what is 82 - -37b?
41d
In base 5, what is -24 + 32004?
31430
In base 12, what is -3934 - 4?
-3938
In base 14, what is 3dac9 - -1a?
3db05
In base 3, what is 12122001221 + -101?
12122001120
In base 6, what is -234024 + 5?
-234015
In base 10, what is -5 - -564688?
564683
In base 5, what is 224040 + 13?
224103
In base 13, what is 1c + 45a63?
45a82
In base 9, what is -750082 - 1?
-750083
In base 3, what is -11001102 + 21?
-11001011
In base 11, what is 11 - 87681?
-87670
In base 4, what is -100232113 - 12?
-100232131
In base 15, what is 5 - 3701?
-36eb
In base 13, what is 2c6858 - -3?
2c685b
In base 8, what is 44 - -12047?
12113
In base 13, what is -2a3 - -404?
131
In base 11, what is 48 - -1717?
1764
In base 6, what is -1523 + -1340?
-3303
In base 12, what is -5a4 - -55?
-54b
In base 12, what is 5 + 4019?
4022
In base 11, what is 0 - -6978?
6978
In base 12, what is 568 + -20?
548
In base 5, what is -11 + -2022333?
-2022344
In base 12, what is -11 - 4bb0?
-5001
In base 5, what is 40 + -1134432?
-1134342
In base 4, what is 321130 - 2?
321122
In base 7, what is 4 - -24205?
24212
In base 10, what is -6 + -33802?
-33808
In base 4, what is -220232 - 1300?
-222132
In base 15, what is -1870 - 3?
-1873
In base 9, what is -12 + -11160?
-11172
In base 5, what is 2104313 - 1?
2104312
In base 11, what is -3117 + 0?
-3117
In base 7, what is 3150630 - 5?
3150622
In base 3, what is 1 - 2002012201221?
-2002012201220
In base 7, what is 2531 - -35?
2566
In base 10, what is 178 + -2927?
-2749
In base 8, what is -5 + -4135?
-4142
In base 3, what is 12021 + 2220122100?
2220211121
In base 8, what is -120065 + 5?
-120060
In base 6, what is 3 + -302325?
-302322
In base 4, what is -10323231 - 11?
-10323302
In base 14, what is b0 - -db?
1ab
In base 8, what is 26 - 3143?
-3115
In base 14, what is -49b1 - 3b?
-4a0c
In base 16, what is -5 - da6f?
-da74
In base 11, what is 3320 - 14?
3307
In base 7, what is -2651620 + 5?
-2651612
In base 8, what is -2 - 75330?
-75332
In base 5, what is -324244 - -4?
-324240
In base 8, what is -2766 - -24?
-2742
In base 3, what is 12 + -101101111201?
-101101111112
In base 12, what is -6483 - -3?
-6480
In base 10, what is 1205 - 42?
1163
In base 13, what is -4 - 14b87?
-14b8b
In base 6, what is 5355103 - 2?
5355101
In base 9, what is -4 - -371?
366
In base 13, what is 22 - -1111?
1133
In base 11, what is -4 + -58a2?
-58a6
In base 5, what is -4 + -2143301?
-2143310
In base 15, what is -37da5 - 0?
-37da5
In base 2, what is -11110110101111100001 + 11?
-11110110101111011110
In base 11, what is 3 + -1556?
-1553
In base 6, what is 10 + 105334?
105344
In base 4, what is -1312211 + -20?
-1312231
In base 14, what is -533c + 6?
-5336
In base 8, what is 105145 + 5?
105152
In base 2, what is 11 + -110101000?
-110100101
In base 8, what is -16 - -3731?
3713
In base 2, what is 10 - -1011001100011101100?
1011001100011101110
In base 7, what is 420 + -2065?
-1345
In base 6, what is -3 + 133434?
133431
In base 16, what is -e44d + -e?
-e45b
In base 14, what is 57 - -1227?
1280
In base 13, what is 4 + -7133?
-712c
In base 9, what is -3 - 5342?
-5345
In base 14, what is 1 + -93a32?
-93a31
In base 5, what is -2 - -300324?
300322
In base 15, what is -d - 8bed?
-8c0b
In base 11, what is 607 + 389?
995
In base 8, what is 1 - -47676?
47677
In base 5, what is -142 - -2442002?
2441310
In base 9, what is -28 + -657?
-686
In base 3, what is -12021110 + 11101?
-12010002
In base 13, what is 1b36 + -3?
1b33
In base 2, what is 1011 - -101101010101010011?
101101010101011110
In base 16, what is 281 - 198?
e9
In base 15, what is 5ba63 + 8?
5ba6b
In base 11, what is -29 + -1352?
-1380
In base 2, what is 10 + 100000110011?
100000110101
In base 13, what is -26b6 - -11?
-26a5
In base 3, what is 0 - 120220120011?
-120220120011
In base 11, what is -15535 + -1?
-15536
In base 4, what is -1133323321 - -2?
-1133323313
In base 4, what is 13332 + 320?
20312
In base 6, what is -350122 + -2?
-350124
In base 2, what is -1010010 - 10010100100?
-10011110110
In base 12, what is -1a14 + 4b8?
-1518
In base 9, what is 821458 - -1?
821460
In base 4, what is 2 - 2330010?
-2330002
In base 3, what is 2 - -110002212021?
110002212100
In base 4, what is -200302030 - -2?
-200302022
In base 2, what is -1010 + -11000111?
-11010001
In base 12, what is 19 + -343b?
-3422
In base 13, what is 1 - -9075?
9076
In base 10, what is 941 - 112?
829
In base 13, what is 4 - 28ac3?
-28abc
In base 8, what is 1 + -71201?
-71200
In base 8, what is 25764 - -67?
26053
In base 16, what is -3 + a1f1c?
a1f19
In base 9, what is 73146 + -17?
73128
In base 11, what is 10462 - 1?
10461
In base 4, what is 32 - 21023231?
-21023133
In base 5, what is -1021 + 13043?
12022
In base 15, what is -2 - -5697?
5695
In base 2, what is -11000000000 - -11001010?
-10100110110
In base 8, what is -342374 + -5?
-342401
In base 10, what is -221 - -277?
56
In base 9, what is 64 + -1266?
-1202
In base 8, what is -404534 + 13?
-404521
In base 4, what is -230120230 - 3?
-230120233
In base 6, what is -5 + -24003033?
-24003042
In base 9, what is 4 + -1226536?
-1226532
In base 12, what is -b14b - -52?
-b0b9
In base 9, what is 71571 + 65?
71646
In base 14, what is -1b + 9652?
9635
In base 6, what is 3 - -3220122?
3220125
In base 11, what is -5 + -4a86?
-4a90
In base 5, what is 20 - 201314?
-201244
In base 14, what is 93a00b + -5?
93a006
In base 4, what is 10 + -100100110?
-100100100
In base 6, what is -151 - 34005?
-34200
In base 6, what is -53 + 3253?
3200
In base 12, what is 18 + -2b7?
-29b
In base 15, what is -3 - -38b0?
38ac
In base 3, what is -122 - 1112211102?
-1112212001
In base 3, what is 2 - -1000002111?
1000002120
In base 7, what is 11 - -1245060?
1245101
In base 15, what is 19 + 